{"id":3,"date":"2025-03-20T09:57:56","date_gmt":"2025-03-20T09:57:56","guid":{"rendered":"https:\/\/anodye.pl\/?page_id=3"},"modified":"2025-07-04T11:01:34","modified_gmt":"2025-07-04T11:01:34","slug":"polityka-prywatnosci","status":"publish","type":"page","link":"https:\/\/anodye.pl\/?page_id=3","title":{"rendered":"Polityka Prywatno\u015bci"},"content":{"rendered":"<header class=\"mb-10\">\r\n<h1 class=\"wp-block-heading\">Polityka Prywatno\u015bci i wykorzystania plik\u00f3w cookies w serwisie internetowym ANODYE IMAGO GROUP Sp. z o.o.<\/h1>\r\n<p>Szanujemy Twoje prawo do prywatno\u015bci. Na tej stronie znajdziesz nasze stanowisko w sprawie gromadzenia, przetwarzania i wykorzystywania informacji o u\u017cytkownikach.<\/p>\r\n<h3 class=\"has-text-align-left wp-block-heading\">Wprowadzenie<\/h3>\r\n<p>Firma ANODYE IMAGO GROUP SP. Z.O.O przywi\u0105zuje szczeg\u00f3ln\u0105 wag\u0119 do poszanowania prywatno\u015bci u\u017cytkownik\u00f3w serwisu www.anodye.pl i o\u015bwiadcza, i\u017c dok\u0142ada wszelkich stara\u0144, aby nie gromadzi\u0107 \u017cadnych danych opr\u00f3cz tych, kt\u00f3re s\u0105 konieczne do prawid\u0142owego funkcjonowania serwisu lub tych, kt\u00f3rych gromadzenie ma na celu zwi\u0119kszenie u\u017cyteczno\u015bci produkt\u00f3w firmy.<br \/>Niniejsza polityka prywatno\u015bci ma charakter informacyjny i okre\u015bla zasady przetwarzania danych osobowych podanych w ramach Sklepu internetowego prowadzonego pod adresem domeny: <a href=\"http:\/\/www.anodye.pl\">www.anodye.pl<\/a>.<\/p>\r\n<\/header>\r\n<div class=\"wgtext\">\r\n<h3 class=\"has-text-align-left wp-block-heading\">Definicje<\/h3>\r\n<p><strong>Administrator<\/strong> : ANODYE IMAGO GROUP SP. Z.O.O z siedzib\u0105 w Warszawie, ul. Zawodzie 7c, 02-981 Warszawa, zarejestrowana w rejestrze przedsi\u0119biorc\u00f3w KRS, za nr 0001103293; kapita\u0142 zak\u0142adowy 100.000,00 PLN; NIP 9512595521, adres poczty elektronicznej(email):<a href=\"mailto:biuro@anodye.pl\">biuro@anodye.pl<\/a><\/p>\r\n<p><strong>Dane osobowe\/Dane<\/strong>\u00a0: wszystkie informacje o zidentyfikowanej lub mo\u017cliwej do zidentyfikowania osobie fizycznej poprzez jeden b\u0105d\u017a kilka szczeg\u00f3lnych czynnik\u00f3w okre\u015blaj\u0105cych fizyczn\u0105, fizjologiczn\u0105, genetyczn\u0105, psychiczn\u0105, ekonomiczn\u0105, kulturow\u0105 lub spo\u0142eczn\u0105 to\u017csamo\u015b\u0107 osoby fizycznej, w tym nr IP urz\u0105dzenia, dane o lokalizacji, identyfikator internetowy oraz informacje gromadzone za po\u015brednictwem plik\u00f3w cookie lub innych podobnych technologii.<\/p>\r\n<h4 class=\"has-text-align-left wp-block-heading\">RODO\/GDPR (Rozporz\u0105dzenie o Ochronie Danych Osobowych \/ General Data Protection<\/h4>\r\n<p><strong>Regulation<\/strong>: Rozporz\u0105dzenie Parlamentu Europejskiego i Rady (UE) 2016\/679 z dnia 27 kwietnia 2016 roku w sprawie ochrony os\u00f3b fizycznych w zwi\u0105zku z przetwarzaniem danych osobowych i w sprawie swobodnego przep\u0142ywu takich danych oraz uchylenia dyrektywy 95\/46\/WE.<\/p>\r\n<p><strong>Serwis<\/strong>: serwis internetowy\u00a0<a href=\"http:\/\/www.anodye.pl\">www.anodye.pl<\/a>\u00a0i inne zarz\u0105dzane przez Administratora, a tak\u017ce aplikacje mobilne, do kt\u00f3rych stosuje si\u0119 niniejsz\u0105 polityk\u0119, a kt\u00f3rych stale aktualizowana lista dost\u0119pna jest tutaj.<\/p>\r\n<p><strong>U\u017cytkownik<\/strong>: ka\u017cda osoba fizyczna odwiedzaj\u0105ca serwis lub korzystaj\u0105ca z jednej lub kilku us\u0142ug lub funkcjonalno\u015bci udost\u0119pnianych w serwisie.<\/p>\r\n<p><strong>Profilowanie<\/strong>: zautomatyzowane przetwarzanie danych osobowych, kt\u00f3re polega na wykorzystaniu danych osobowych do oceny niekt\u00f3rych czynnik\u00f3w osobowych osoby fizycznej, w szczeg\u00f3lno\u015bci do analizy lub prognozy aspekt\u00f3w dotycz\u0105cych efekt\u00f3w pracy tej osoby fizycznej, jej sytuacji ekonomicznej, zdrowia, osobistych preferencji, zainteresowa\u0144, wiarygodno\u015bci, zachowania, lokalizacji lub przemieszczania si\u0119.<\/p>\r\n<p><strong>Przetwarzanie danych<\/strong>: jakiekolwiek operacje wykonywane na danych osobowych, takie jak zbieranie, utrwalanie, przechowywanie, opracowywanie, zmienianie, udost\u0119pnianie i usuwanie, a zw\u0142aszcza te, kt\u00f3re wykonuje si\u0119 w systemach informatycznych.<\/p>\r\n<p><strong>Poufno\u015b\u0107 danych:<\/strong>\u00a0w\u0142a\u015bciwo\u015b\u0107 zapewniaj\u0105ca, \u017ce dane nie s\u0105 udost\u0119pniane nieupowa\u017cnionym podmiotom.<\/p>\r\n<h4 class=\"has-text-align-left wp-block-heading\">GROMADZENIE DANYCH<\/h4>\r\n<p>Wszelkie dane pochodz\u0105ce od U\u017cytkownik\u00f3w Serwis\u00f3w gromadzone s\u0105 na dwa sposoby:<\/p>\r\n<ol>\r\n<li>informacje podawane dobrowolnie przez U\u017cytkownika: Prosimy o podanie danych osobowych U\u017cytkownik\u00f3w korzystaj\u0105cych z formularzy rejestracyjnych i kontaktowych w celu, za\u0142o\u017cenia sta\u0142ego konta do realizacji zakup\u00f3w w witrynie www.anodye.pl, z\u0142o\u017cenia reklamacji lub zapytania. W trakcie rejestracji Administrator informuje U\u017cytkownika, o tym kt\u00f3re dane (wymienione w formularzu rejestracyjnym) s\u0105 niezb\u0119dne do realizacji us\u0142ug oraz wskazuje, kt\u00f3re dane w formularzu s\u0105 danymi dodatkowymi, nie wp\u0142ywaj\u0105cymi na wstrzymanie procesu rejestracji.<\/li>\r\n<li>informacje uzyskiwane podczas korzystania z serwisu \u2013 w\u015br\u00f3d nich mog\u0105 by\u0107:\r\n<ul>\r\n<li>adres IP \u2013 ka\u017cdy komputer pod\u0142\u0105czony do Internetu ma przypisany niepowtarzalny numer, czyli adres IP; na jego podstawie mo\u017cna np. zidentyfikowa\u0107 kraj, z kt\u00f3rego dany U\u017cytkownik \u0142\u0105czy si\u0119 z sieci\u0105. ANODYE IMAGO GROUP zastrzega sobie prawo do przechowywania dodatkowych log\u00f3w wewn\u0105trz serwisu, kt\u00f3re \u0142\u0105cz\u0105 adres IP z kontem klienta. Logi te s\u0142u\u017c\u0105 wy\u0142\u0105cznie w celu analizy ewentualnych problem\u00f3w technicznych przy rejestracji, logowaniu i korzystaniu z witryny.<\/li>\r\n<li>pliki tekstowe (ang. \u201ecookies\u201d) wysy\u0142ane do komputera U\u017cytkownika podczas odwiedzania strony internetowej. Pliki cookie przechowuj\u0105 jedynie dane wymagane przez serwis WWW do prawid\u0142owego dzia\u0142ania, w tym identyfikacji aktualnie zalogowanego U\u017cytkownika. Dane osobowe U\u017cytkownika mog\u0105 by\u0107 wy\u015bwietlane w tre\u015bci stron WWW w przypadku odwiedzania konta w witrynie www.anodye.pl<\/li>\r\n<\/ul>\r\n<\/li>\r\n<\/ol>\r\n<h4 class=\"wp-block-heading\">COOKIES<\/h4>\r\n<p>Zwrot \u201eplik cookie\u201d u\u017cywany w niniejszym dokumencie odnosi si\u0119 do plik\u00f3w cookies i innych podobnych narz\u0119dzi opisanych w Dyrektywie 2009\/136\/WE Parlamentu Europejskiego dotycz\u0105cej przetwarzania danych osobowych i ochrony prywatno\u015bci w sektorze \u0142\u0105czno\u015bci elektronicznej (Dyrektywa o prywatno\u015bci i \u0142\u0105czno\u015bci elektronicznej) oraz art. 173 Prawa Telekomunikacyjnego.<br \/>Przegl\u0105darka internetowa mo\u017ce przechowywa\u0107 pliki cookies na dysku komputera. W plikach cookies znajduj\u0105 si\u0119 informacje niezb\u0119dne do prawid\u0142owego funkcjonowania Serwis\u00f3w Anodye IMAGO Gropup. Pliki \u201ecookies\u201d s\u0105 to ma\u0142e pliki zapisywane na urz\u0105dzeniu ko\u0144cowym U\u017cytkownika, s\u0142u\u017cce do identyfikacji przegl\u0105darki U\u017cytkownika w trakcie korzystania z naszych Serwis\u00f3w. Za pomoc\u0105 \u201ecookies\u201d dostarczane s\u0105 Administratorowi informacje statystyczne o ruchu U\u017cytkownik\u00f3w, aktywno\u015bci U\u017cytkownik\u00f3w i sposobie wykorzystania Serwis\u00f3w. Pozwalaj\u0105 one na dostosowanie tre\u015bci i us\u0142ug do preferencji U\u017cytkownika. Sama zawarto\u015b\u0107 plik\u00f3w cookies nie pozwala na identyfikacj\u0119 U\u017cytkownika, a tak\u017ce za ich pomoc\u0105 nie s\u0105 przetwarzane lub przechowywane dane osobowe U\u017cytkownik\u00f3w, a co za tym idzie sam mechanizm cookies nie jest wykorzystywany do pozyskiwania jakichkolwiek informacji o U\u017cytkownikach, z wyj\u0105tkiem informacji o ich zachowaniu w Serwisie.<\/p>\r\n<p><strong>ANODYE IMAGO GROUP przechowuje pliki cookies na komputerach U\u017cytkownik\u00f3w w celu:<\/strong><\/p>\r\n<ul>\r\n<li>w\u0142a\u015bciwego dopasowania Serwis\u00f3w do potrzeb U\u017cytkownik\u00f3w oraz optymalizacji korzystania ze stron internetowych;<\/li>\r\n<li>zapami\u0119tania preferencji i indywidualnych ustawie\u0144 U\u017cytkownika, pozwalaj\u0105 rozpozna\u0107 urz\u0105dzenie U\u017cytkownika Serwisu i odpowiednio wy\u015bwietli\u0107 stron\u0119 internetow\u0105 dostosowan\u0105 do jego potrzeb;<\/li>\r\n<li>tworzenia statystyk ogl\u0105dalno\u015bci Serwis\u00f3w, kt\u00f3re pomagaj\u0105 zrozumie\u0107 w jaki spos\u00f3b U\u017cytkownicy Serwisu korzystaj\u0105 ze stron internetowych, co umo\u017cliwia ulepszanie ich struktury i zawarto\u015bci;<\/li>\r\n<li>utrzymanie sesji U\u017cytkownika Serwisu (po zalogowaniu), dzi\u0119ki kt\u00f3rej U\u017cytkownik nie musi na ka\u017cdej podstronie Serwisu ponownie wpisywa\u0107 loginu i has\u0142a;<\/li>\r\n<li>zapisaniu danych koszyka w sklepie internetowym, aby po ponownym odwiedzeniu Serwisu ich nie traci\u0107.<\/li>\r\n<\/ul>\r\n<p><strong>Rodzaje plik\u00f3w cookies, kt\u00f3re s\u0105 wykorzystywane w Serwisach administrowanych przez ANODYE IMAGO GROUP.<\/strong><\/p>\r\n<p>Z uwagi na czas \u017cycia cookies i innych podobnych technologii, stosowane s\u0105 pliki:<\/p>\r\n<ul>\r\n<li>\u201esesyjne\u201d (session cookies), czyli pliki tymczasowe, kt\u00f3re przechowywane s\u0105 w urz\u0105dzeniu ko\u0144cowym U\u017cytkownika do czasu wylogowania, opuszczenia strony internetowej lub wy\u0142\u0105czenia oprogramowania (przegl\u0105darki internetowej);<\/li>\r\n<li>\u201esta\u0142e\u201d (persistent cookies), kt\u00f3re przechowywane s\u0105 w urz\u0105dzeniu ko\u0144cowym U\u017cytkownika przez czas okre\u015blony w parametrach plik\u00f3w cookies lub do czasu ich usuni\u0119cia przez U\u017cytkownika.<\/li>\r\n<\/ul>\r\n<p>Ze wzgl\u0119du na cel, jakiemu s\u0142u\u017c\u0105 cookies i inne podobne technologie, stosowane s\u0105 nast\u0119puj\u0105ce rodzaje plik\u00f3w:<\/p>\r\n<ul>\r\n<li>\u201eniezb\u0119dne\u201d \u2013 pliki cookies umo\u017cliwiaj\u0105ce korzystanie z us\u0142ug dost\u0119pnych w ramach Serwisu, np. uwierzytelniaj\u0105ce pliki cookies wykorzystywane do us\u0142ug wymagaj\u0105cych uwierzytelniania w ramach Serwisu;<\/li>\r\n<li>s\u0142u\u017c\u0105ce do zapewnienia bezpiecze\u0144stwa \u2013 pliki cookies wykorzystywane do wykrywania nadu\u017cy\u0107 w zakresie uwierzytelniania w ramach Serwisu;<\/li>\r\n<li>\u201ewydajno\u015bciowe\u201d- pliki cookies umo\u017cliwiaj\u0105ce zbieranie informacji o sposobie korzystania ze stron internetowych Serwisu;<\/li>\r\n<li>\u201efunkcjonalne\u201d \u2013 pliki cookies umo\u017cliwiaj\u0105ce \u201ezapami\u0119tanie\u201d wybranych przez U\u017cytkownika ustawie\u0144 i personalizacj\u0119 interfejsu U\u017cytkownika, np. w zakresie wybranego j\u0119zyka lub regionu, z kt\u00f3rego pochodzi U\u017cytkownik, rozmiaru czcionki, wygl\u0105du strony internetowej itp.;<\/li>\r\n<li>\u201ereklamowe\u201d \u2013 pliki cookies umo\u017cliwiaj\u0105ce dostarczanie U\u017cytkownikom tre\u015bci reklamowych optymalnie dostosowanych do ich zainteresowa\u0144.<\/li>\r\n<\/ul>\r\n<p>U\u017cytkownik posiada mo\u017cliwo\u015b\u0107 takiego skonfigurowania przegl\u0105darki internetowej, aby ca\u0142kowicie lub cz\u0119\u015bciowo wy\u0142\u0105czy\u0107 przechowywanie plik\u00f3w cookies na dysku twardym komputera. Ustawienia te mog\u0105 zosta\u0107 zmienione w szczeg\u00f3lno\u015bci w taki spos\u00f3b, aby blokowa\u0107 automatyczn\u0105 obs\u0142ug\u0119 plik\u00f3w cookies w ustawieniach przegl\u0105darki internetowej b\u0105d\u017a informowa\u0107 o ich ka\u017cdorazowym zamieszczeniu w urz\u0105dzeniu U\u017cytkownika Serwisu ANODYE IMAGO GROUP. Klikaj\u0105c na jeden z poni\u017cszych link\u00f3w znajd\u0105 pa\u0144stwo opisane przez producent\u00f3w sposoby blokowania przyjmowania plik\u00f3w cookies: Chrome Firefox Internet Explorer Safari.<br \/>ANODYE IMAGO GROUP informuje, \u017ce ograniczenia stosowania plik\u00f3w cookies mog\u0105 wp\u0142yn\u0105\u0107 na niekt\u00f3re funkcjonalno\u015bci dost\u0119pne na naszych stronach internetowych.<\/p>\r\n<h4 class=\"has-text-align-left wp-block-heading\">PRZETWARZANIE DANYCH<\/h4>\r\n<p>Serwis internetowy www.imagoprinter.com pozyskuje i przetwarza Twoje dane osobowe t.j.: imi\u0119, nazwisko, adres, adres e- mail oraz numer telefonu. Wymienione dane osobowe przetwarzane s\u0105 w celu:<br \/><strong>a)<\/strong>\u00a0utworzenia i prawid\u0142owej obs\u0142ugi konta w serwisie \u2013 podstaw\u0105 przetwarzania danych osobowych w tym celu jest ich niezb\u0119dno\u015b\u0107 celem utworzenia i obs\u0142ugi konta klienta;<br \/><strong>b)<\/strong>\u00a0realizacji zam\u00f3wienia lub zwrot\u00f3w, kontaktu telefonicznego, wysy\u0142ania SMS-\u00f3w lub wiadomo\u015bci EMAIL (w zale\u017cno\u015bci od przekazanych nam danych osobowych) z informacjami o statusie realizacji zam\u00f3wienia, czy kontaktem w razie wyst\u0105pienia problem\u00f3w z realizacj\u0105 zam\u00f3wienia lub przedstawienia nowej oferty, b\u0105d\u017a pr\u00f3by odnowienia wsp\u00f3\u0142pracy.<br \/>Wszystkie dane przetwarzamy tylko w zakresie niezb\u0119dnym do realizacji celu przetwarzania.<br \/>Administrator ANODYE IMAGO GROUP SP. Z.O.O wyznaczy\u0142 osob\u0119 kontaktow\u0105, kt\u00f3rej adres mailowy biuro@anodye.pl jest adresem do zg\u0142aszania wszelkich spraw zwi\u0105zanych z przetwarzaniem Pa\u0144stwa danych osobowych. Oczywi\u015bcie mo\u017cliwe jest zg\u0142aszanie problem\u00f3w zwi\u0105zanych z przetwarzaniem danych osobowych zar\u00f3wno na inne adresy do korespondencji opublikowane si\u0119 na stronie internetowej anodye.pl, a tak\u017ce telefonicznie b\u0105d\u017a w postaci korespondencji listownej, jednak\u017ce, maj\u0105c na wzgl\u0119dzie szybko\u015b\u0107 podj\u0119cia dzia\u0142a\u0144, rekomendujemy korzystanie z adresu e-mail podanego powy\u017cej.<br \/>W przypadku stwierdzenia, \u017ce przetwarzanie danych osobowych narusza przepisy RODO, osoba, kt\u00f3rej dane dotycz\u0105, ma prawo wnie\u015b\u0107 skarg\u0119 do Generalnego Inspektora Ochrony Danych Osobowych (po 25 maja 2018 roku \u2013 Prezesa Urz\u0119du Ochrony Danych Osobowych).<br \/>Pa\u0144stwa dane s\u0105 przetwarzane do momentu realizacji celu, w jakim zosta\u0142y zebrane. W przypadku, kiedy podstaw\u0105 ich przetwarzania jest Pa\u0144stwa zgoda \u2013 do czasu wycofania tej zgody. Pa\u0144stwa dane mog\u0105 by\u0107 przetwarzane d\u0142u\u017cej ni\u017cby to wynika\u0142o z powy\u017cszych zasad, je\u015bli obowi\u0105zek prawny, np. prawo podatkowe nakazuje przechowywanie tych danych przez oznaczony w przepisach okres lub gdy niezb\u0119dne do dochodzenia roszcze\u0144 przez Administratora lub osoby trzecie, albo dane stanowi\u0105 dow\u00f3d w post\u0119powaniu przed s\u0105dem lub organem administracji pa\u0144stwowej.<br \/>ANODYE IMAGO GROUP zastrzega, \u017ce ze wzgl\u0119du na synchronizacj\u0119 dzia\u0142a\u0144, pseudonimizacja\/anonimizacja z systemu danych U\u017cytkownika mo\u017ce trwa\u0107 do 72 godzin od momentu wniesienia sprzeciwu.<br \/>Dane zbierane w ramach serwisu www.imagoprinter.com nie b\u0119d\u0105 sprzedawane ani udost\u0119pniane innym instytucjom lub organizacjom ani osobom, kt\u00f3re nie s\u0105 pracownikami lub sta\u0142ymi wsp\u00f3\u0142pracownikami ANODYE IMAGO GROUP.<br \/>Pa\u0144stwa dane osobowe mog\u0105 zosta\u0107 udost\u0119pnione lub przekazane do przetwarzania wy\u0142\u0105cznie:<\/p>\r\n<ul>\r\n<li>naszym pracownikom i wsp\u00f3\u0142pracownikom, \u017ceby mogli realizowa\u0107 swoje czynno\u015bci zwi\u0105zane z obs\u0142ug\u0105 serwisu,<\/li>\r\n<li>przewo\u017anikom i operatorom pocztowym,<\/li>\r\n<li>platformom p\u0142atniczym,<\/li>\r\n<li>r\u00f3\u017cnego rodzaju wyspecjalizowanym przedsi\u0119biorcom, wspomagaj\u0105cym nas przy realizacji zada\u0144 serwisu,<\/li>\r\n<li>organom administracji pa\u0144stwowej, w zwi\u0105zku z obowi\u0105zkami prawnymi,<\/li>\r\n<li>firmom windykacyjnym, kancelariom prawniczym, s\u0105dom i innym podmiotom w zwi\u0105zku z dochodzeniem roszcze\u0144.<\/li>\r\n<\/ul>\r\n<p>Zapewniamy, \u017ce w ka\u017cdym przypadku udost\u0119pnienie lub przekazanie danych osobowych do przetwarzania odbywa si\u0119 w oparciu o umow\u0119 powierzenia przetwarzania danych osobowych, podobny instrument prawny lub w oparciu o obowi\u0105zek prawny.<br \/>ANODYE IMAGO GROUP stosuje PRIVACY BY DESIGN i dok\u0142ada wszelkich stara\u0144, aby chroni\u0107 serwis anodye.pl przed nieuprawnionym dost\u0119pem os\u00f3b trzecich. W tym celu stosowane s\u0105 m.in. firewall, ograniczony dost\u0119p do komputer\u00f3w (wymaga wprowadzenia podania nazwy u\u017cytkownika i has\u0142a przekazanych tylko upowa\u017cnionym pracownikom) oraz fizyczne \u015brodki bezpiecze\u0144stwa. Niezw\u0142ocznie zostanie wdro\u017cone uruchomienie certyfikatu SSL dla po\u0142\u0105cze\u0144 https.<br \/>Serwis internetowy www.imagoprinter.com nie realizuje profilowania, a je\u017celi tak si\u0119 stanie w przysz\u0142o\u015bci zostan\u0105 Pa\u0144stwo o tym fakcie poinformowani.<br \/>Sp\u00f3\u0142ka nie b\u0119dzie przekazywa\u0142a Pani\/Pana danych osobowych do pa\u0144stw trzecich.<br \/>W procesie przetwarzania danych osobowych przez ANODYE IMAGO GROUP Sp. z o.o. mog\u0105 uczestniczy\u0107 podmioty zewn\u0119trzne wspieraj\u0105ce obs\u0142ug\u0119 zam\u00f3wie\u0144 lub reklamacji, oraz system\u00f3w teleinformatycznych, w zakresie koniecznym do nale\u017cytego wykonania w\/w czynno\u015bci.<br \/>Kurier UPS oraz DHL. \u2013 dor\u0119czanie paczek do adresat\u00f3w,<br \/>Poczta Polska S.A. &#8211; dor\u0119czanie list\u00f3w do adresat\u00f3w.<br \/>Jednocze\u015bnie zwracamy uwag\u0119 na nieudost\u0119pnianie przez U\u017cytkownik\u00f3w swoich danych rejestracyjnych osobom trzecim, w szczeg\u00f3lno\u015bci nieudost\u0119pnianie has\u0142a do konta oraz stosowanie opcji \u201ewyloguj si\u0119\u201d po zako\u0144czeniu korzystania z tre\u015bci i us\u0142ug oferowanych przez nasze serwisy.<\/p>\r\n<h4 class=\"has-text-align-left wp-block-heading\">PRAWA PRZYS\u0141UGUJ\u0104CE W ZWI\u0104ZKU Z PRZETWARZANIEM DANYCH OSOBOWYCH<\/h4>\r\n<p>Ka\u017cdej osobie, kt\u00f3rej dane s\u0105 przetwarzane przez ANODYE IMAGO GROUP SP. Z.O.O przys\u0142uguje: prawo dost\u0119pu do danych osobowych, \u017c\u0105dania ich sprostowania, usuni\u0119cia lub ograniczenia ich przetwarzania, prawo wniesienia sprzeciwu wobec przetwarzania danych osobowych, prawo do przenoszenia danych osobowych, prawo wniesienia skargi do organu nadzorczego.<br \/>W serwisie www.anodye.pl, podczas rejestracji, podanie danych osobowych jest dobrowolne, natomiast niewprowadzenie tych danych uniemo\u017cliwi Pa\u0144stwu zawarcie umowy na skorzystanie z funkcjonalno\u015bci serwisu ANODYE IMAGO GROUP.<\/p>\r\n<\/div>","protected":false},"excerpt":{"rendered":"<p>Polityka Prywatno\u015bci i wykorzystania plik\u00f3w cookies w serwisie internetowym ANODYE IMAGO GROUP Sp. z o.o. Szanujemy Twoje prawo do prywatno\u015bci. Na tej stronie znajdziesz nasze stanowisko w sprawie gromadzenia, przetwarzania i wykorzystywania informacji o u\u017cytkownikach. Wprowadzenie Firma ANODYE IMAGO GROUP SP. Z.O.O przywi\u0105zuje szczeg\u00f3ln\u0105 wag\u0119 do poszanowania prywatno\u015bci u\u017cytkownik\u00f3w serwisu www.anodye.pl i o\u015bwiadcza, i\u017c dok\u0142ada&#8230;<\/p>\n","protected":false},"author":1,"featured_media":0,"parent":0,"menu_order":0,"comment_status":"closed","ping_status":"closed","template":"","meta":{"_acf_changed":false,"footnotes":""},"class_list":["post-3","page","type-page","status-publish","hentry"],"acf":[],"_links":{"self":[{"href":"https:\/\/anodye.pl\/index.php?rest_route=\/wp\/v2\/pages\/3","targetHints":{"allow":["GET"]}}],"collection":[{"href":"https:\/\/anodye.pl\/index.php?rest_route=\/wp\/v2\/pages"}],"about":[{"href":"https:\/\/anodye.pl\/index.php?rest_route=\/wp\/v2\/types\/page"}],"author":[{"embeddable":true,"href":"https:\/\/anodye.pl\/index.php?rest_route=\/wp\/v2\/users\/1"}],"replies":[{"embeddable":true,"href":"https:\/\/anodye.pl\/index.php?rest_route=%2Fwp%2Fv2%2Fcomments&post=3"}],"version-history":[{"count":4,"href":"https:\/\/anodye.pl\/index.php?rest_route=\/wp\/v2\/pages\/3\/revisions"}],"predecessor-version":[{"id":298,"href":"https:\/\/anodye.pl\/index.php?rest_route=\/wp\/v2\/pages\/3\/revisions\/298"}],"wp:attachment":[{"href":"https:\/\/anodye.pl\/index.php?rest_route=%2Fwp%2Fv2%2Fmedia&parent=3"}],"curies":[{"name":"wp","href":"https:\/\/api.w.org\/{rel}","templated":true}]}}